e the prime factors of 3192010678?
2, 17, 19, 4941193
What are the prime factors of 3583543798?
2, 17, 137, 173, 4447
What are the prime factors of 139991796?
2, 3, 7, 555523
List the prime factors of 222393605.
5, 7, 29, 113, 277
List the prime factors of 28391947.
19, 1494313
List the prime factors of 452479444.
2, 41, 53, 52057
List the prime factors of 3205870288.
2, 4397, 45569
List the prime factors of 2819007699.
3, 457, 907, 2267
List the prime factors of 33226135.
5, 6645227
List the prime factors of 2504021225.
5, 100160849
List the prime factors of 816075598.
2, 13, 4003, 7841
List the prime factors of 571073882.
2, 199, 1039, 1381
What are the prime factors of 2505536877?
3, 1619, 515861
List the prime factors of 28554693.
3, 1061, 8971
List the prime factors of 35497400.
2, 5, 177487
List the prime factors of 646786085.
5, 11, 37, 317831
List the prime factors of 9044467.
31, 197, 1481
List the prime factors of 97775117.
11, 1997, 4451
List the prime factors of 74487739.
43, 1732273
List the prime factors of 226431860.
2, 5, 37, 67, 4567
What are the prime factors of 1057432527?
3, 117492503
What are the prime factors of 1002194577?
3, 19, 5860787
What are the prime factors of 5288290070?
2, 5, 7, 29, 43, 47, 1289
What are the prime factors of 406195071?
3, 43, 67, 46997
What are the prime factors of 1895617644?
2, 3, 157968137
List the prime factors of 509930000.
2, 5, 50993
What are the prime factors of 7392260804?
2, 41, 59, 337, 2267
List the prime factors of 1688712220.
2, 5, 13, 67, 7457
What are the prime factors of 27533595?
3, 5, 1835573
List the prime factors of 66166525.
5, 53, 49937
What are the prime factors of 2100886902?
2, 3, 38905313
What are the prime factors of 2728467500?
2, 5, 11, 47, 2111
What are the prime factors of 34171184?
2, 2135699
List the prime factors of 34860037.
34860037
What are the prime factors of 124731287?
67, 1861661
What are the prime factors of 5178605?
5, 761, 1361
What are the prime factors of 35329455?
3, 5, 7, 19, 5903
List the prime factors of 2553273652.
2, 37, 89, 193841
What are the prime factors of 16915905?
3, 5, 125303
What are the prime factors of 4369561253?
4369561253
List the prime factors of 49870725.
3, 5, 19, 79, 443
List the prime factors of 56616784.
2, 7, 61, 8287
What are the prime factors of 104171798?
2, 37, 1407727
What are the prime factors of 49208074?
2, 24604037
List the prime factors of 403094159.
13, 23, 691, 1951
What are the prime factors of 172648796?
2, 31, 73, 19073
What are the prime factors of 111024997?
111024997
What are the prime factors of 344134056?
2, 3, 7, 292631
What are the prime factors of 152336314?
2, 13, 23, 269, 947
What are the prime factors of 2517016879?
13, 1181, 12611
What are the prime factors of 493977059?
97, 829, 6143
What are the prime factors of 82593924?
2, 3, 7, 983261
What are the prime factors of 2823296405?
5, 564659281
List the prime factors of 451754384.
2, 28234649
What are the prime factors of 308583355?
5, 61716671
What are the prime factors of 72568544?
2, 37, 61291
List the prime factors of 1483420426.
2, 41, 199, 90907
List the prime factors of 2693342247.
3, 897780749
What are the prime factors of 3292525?
5, 131701
What are the prime factors of 65621569?
13, 43, 89, 1319
What are the prime factors of 28475174?
2, 7, 13, 31, 103
What are the prime factors of 1362979051?
7, 181, 227, 677
List the prime factors of 736187793.
3, 11, 1171, 19051
List the prime factors of 65603125.
5, 7, 2999
What are the prime factors of 18563162?
2, 23, 403547
List the prime factors of 3061794218.
2, 7, 157, 647, 2153
List the prime factors of 335676661.
7583, 44267
List the prime factors of 149925876.
2, 3, 1619, 7717
List the prime factors of 239080708.
2, 59770177
List the prime factors of 1901100837.
3, 17, 797, 46771
List the prime factors of 21517352.
2, 47, 89, 643
List the prime factors of 1590490311.
3, 530163437
What are the prime factors of 477988002?
2, 3, 26554889
List the prime factors of 1848338.
2, 881, 1049
List the prime factors of 147456432.
2, 3, 907, 1129
What are the prime factors of 50341304?
2, 13, 43, 11257
List the prime factors of 179114670.
2, 3, 5, 7, 401, 709
List the prime factors of 82278163.
11, 487, 15359
List the prime factors of 1593242477.
1593242477
What are the prime factors of 2763758?
2, 17, 29, 2803
What are the prime factors of 13209018?
2, 3, 181, 12163
List the prime factors of 1149678161.
23, 283, 176629
List the prime factors of 107447778.
2, 3, 37, 161333
List the prime factors of 90464947.
19, 4761313
List the prime factors of 7620978.
2, 3, 31, 40973
List the prime factors of 52743343.
41, 389, 3307
What are the prime factors of 53161260?
2, 3, 5, 886021
List the prime factors of 37103849.
37103849
List the prime factors of 29957240.
2, 5, 43, 17417
What are the prime factors of 6938085392?
2, 7, 61947191
What are the prime factors of 4475201045?
5, 7, 41, 3118607
List the prime factors of 871628495.
5, 29, 173, 34747
List the prime factors of 2269368621.
3, 13, 19396313
List the prime factors of 21506496.
2, 3, 11, 17, 599
What are the prime factors of 4306772715?
3, 5, 7, 43, 953881
What are the prime factors of 17385263?
7, 23, 83, 1301
List the prime factors of 2799747794.
2, 47, 491, 60661
What are the prime factors of 47624211?
3, 2099, 2521
What are the prime factors of 2841887416?
2, 17, 37, 659, 857
List the prime factors of 206689869.
3, 2917, 7873
What are the prime factors of 766616545?
5, 569, 269461
List the prime factors of 45482862.
2, 3, 659, 11503
List the prime factors of 1757082611.
739, 1193, 1993
List the prime factors of 412858610.
2, 5, 71, 581491
List the prime factors of 464154989.
464154989
What are the prime factors of 2357593737?
3, 785864579
What are the prime factors of 5534184917?
89, 62181853
What are the prime factors of 124967026?
2, 631, 99023
List the prime factors of 75676654.
2, 2609, 14503
List the prime factors of 2318583382.
2, 5087, 227893
What are the prime factors of 586087361?
29, 20209909
List the prime factors of 655581933.
3, 293, 248609
What are the prime factors of 3918380122?
2, 22147, 88463
List the prime factors of 727971790.
2, 5, 7, 13, 17, 47057
What are the prime factors of 663049634?
2, 13, 25501909
List the prime factors of 172057036.
2, 47, 915197
What are the prime factors of 68243640?
2, 3, 5, 557, 1021
What are the prime factors of 1292927?
1292927
List the prime factors of 4103302920.
2, 3, 5, 17, 179, 661
List the prime factors of 37970559.
3, 11, 173, 739
What are the prime factors of 5054272449?
3, 23857, 70619
List the prime factors of 4735642377.
3, 29, 727, 74873
List the prime factors of 656238112.
2, 19, 1079339
What are the prime factors of 118084968?
2, 3, 103, 15923
What are the prime factors of 15480765?
3, 5, 344017
List the prime factors of 2278365715.
5, 19, 29, 28517
What are the prime factors of 3408626188?
2, 11, 317, 244381
List the prime factors of 146787965.
5, 137, 421, 509
List the prime factors of 7331462327.
7, 61, 17169701
List the prime factors of 15723203.
19, 827537
List the prime factors of 85885705.
5, 53, 324097
List the prime factors of 63500624.
2, 11, 191, 1889
What are the prime factors of 283636946?
2, 61, 38113
List the prime factors of 2110005262.
2, 5323, 198197
List the prime factors of 1416023189.
7, 37, 5467271
What are the prime factors of 2905160830?
2, 5, 11, 13, 359, 5659
What are the prime factors of 65106273?
3, 37, 586543
What are the prime factors of 412709295?
3, 5, 29, 97, 9781
List the prime factors of 1220275411.
1220275411
List the prime factors of 88231367.
7, 271, 46511
What are the prime factors of 615228200?
2, 5, 3076141
List the prime factors of 1688730213.
3, 179, 3144749
What are the prime factors of 3890611?
19, 23, 29, 307
What are the prime factors of 97539833?
97539833
What are the prime factors of 582929492?
2, 127, 1147499
List the prime factors of 353426190.
2, 3, 5, 13, 29, 31249
List the prime factors of 123151397.
131, 940087
List the prime factors of 39256549.
43, 547, 1669
What are the prime factors of 2900280226?
2, 1433, 1011961
What are the prime factors of 3501148230?
2, 3, 5, 38901647
What are the prime factors of 876740898?
2, 3, 11, 1